{"id":6350,"date":"2014-02-06T22:12:32","date_gmt":"2014-02-07T01:12:32","guid":{"rendered":"http:\/\/www.ligavpg.com\/blog\/?page_id=6350"},"modified":"2023-06-04T17:06:13","modified_gmt":"2023-06-04T20:06:13","slug":"seja-bem-vindo-a-liga-vpg","status":"publish","type":"page","link":"https:\/\/ligavpg.com\/blog\/seja-bem-vindo-a-liga-vpg\/","title":{"rendered":"Seja bem vindo \u00e0 Liga VPG"},"content":{"rendered":"<div class=\"flex-1 overflow-hidden\">\n<div class=\"react-scroll-to-bottom--css-ikukq-79elbk h-full dark:bg-gray-800\">\n<div class=\"react-scroll-to-bottom--css-ikukq-1n7m0yu\">\n<div class=\"flex flex-col text-sm dark:bg-gray-800\">\n<div class=\"group w-full text-gray-800 dark:text-gray-100 border-b border-black\/10 dark:border-gray-900\/50 bg-gray-50 dark:bg-[#444654]\">\n<div class=\"flex p-4 gap-4 text-base md:gap-6 md:max-w-2xl lg:max-w-xl xl:max-w-3xl md:py-6 lg:px-0 m-auto\">\n<div class=\"relative flex w-[calc(100%-50px)] flex-col gap-1 md:gap-3 lg:w-[calc(100%-115px)]\">\n<div class=\"flex flex-grow flex-col gap-3\">\n<div class=\"min-h-[20px] flex flex-col items-start gap-4 whitespace-pre-wrap break-words\">\n<div class=\"markdown prose w-full break-words dark:prose-invert light\">\n<p>Seja bem-vindo \u00e0 Liga VPG!<\/p>\n<p>Estamos felizes em receb\u00ea-lo em nossa comunidade de automobilismo virtual. Desde 2006, organizamos campeonatos emocionantes, com competi\u00e7\u00f5es de alto n\u00edvel e uma comunidade apaixonada por velocidade.<\/p>\n<p>Para come\u00e7ar a participar, siga estas etapas:<\/p>\n<ol>\n<li><span style=\"color: #999999;\">Escolha um n\u00famero na<\/span> <a href=\"https:\/\/www.ligavpg.com\/blog\/tabela-de-numeracao-liga-vpg\/\" target=\"_blank\" rel=\"noopener\">Tabela de Numera\u00e7\u00e3o VPG<\/a><span style=\"color: #999999;\"> para representar voc\u00ea nos campeonatos.<\/span><\/li>\n<li><span style=\"color: #999999;\">Confira os campeonatos ativos em<\/span> <a href=\"https:\/\/www.ligavpg.com\" target=\"_blank\" rel=\"noopener\">nosso site<\/a><span style=\"color: #999999;\"> e escolha aquele que mais lhe interessa.<\/span><\/li>\n<li><span style=\"color: #999999;\">Realize sua inscri\u00e7\u00e3o no formul\u00e1rio da sua categoria escolhida.<\/span><\/li>\n<li><span style=\"color: #999999;\">Realize tamb\u00e9m sua inscri\u00e7\u00e3o no nosso sistema de competi\u00e7\u00e3o<\/span> <a href=\"http:\/\/slsligavpg.servegame.com\/\" target=\"_blank\" rel=\"noopener\">SLS &#8211; Simracing League System<\/a><span style=\"color: #999999;\"> para garantir sua participa\u00e7\u00e3o.<\/span><\/li>\n<li><span style=\"color: #999999;\">Tire d\u00favidas no nosso grupo de pilotos no <\/span>&#8220;<a href=\"https:\/\/chat.whatsapp.com\/BgbjaBriqoT53qZ305wZyC\" target=\"_blank\" rel=\"noopener\">Whatsapp<\/a>&#8220;<span style=\"color: #999999;\"> e esclare\u00e7a qualquer pergunta que possa ter.<\/span><\/li>\n<li><span style=\"color: #999999;\">Descubra mais sobre o mundo do<\/span> <a href=\"http:\/\/www.ligavpg.com\/blog\/iniciantes\/automobilismo-virtual\/\" target=\"_blank\" rel=\"noopener\">Automobilismo Virtual (AV)<\/a>.<\/li>\n<li><span style=\"color: #999999;\">Explore nossos recursos sobre<\/span> <a href=\"http:\/\/www.ligavpg.com\/blog\/garagem\/\" target=\"_blank\" rel=\"noopener\">setups, pinturas, hardware e muito mais<\/a> <span style=\"color: #999999;\">para aprimorar sua experi\u00eancia.<\/span><\/li>\n<li><span style=\"color: #999999;\">Mais dicas para<\/span>\u00a0<a class=\"bbc_link\" href=\"http:\/\/www.ligavpg.com\/blog\/iniciantes\/\" target=\"_blank\" rel=\"noopener noreferrer\">Iniciantes no AV.<\/a><\/li>\n<\/ol>\n<p>Lembre-se de ler o <a href=\"https:\/\/www.ligavpg.com\/blog\/regras\/\" target=\"_blank\" rel=\"noopener\">regulamento do campeonato<\/a> para estar ciente das regras e requisitos.<\/p>\n<p>Seja parte dessa emocionante jornada na Liga VPG! Desde 2006 organizando campeonatos de automobilismo virtual. Estamos ansiosos para correr ao seu lado.<\/p>\n<p>Atenciosamente,<\/p>\n<p>Administra\u00e7\u00e3o da Liga VPG<\/p>\n<\/div>\n<\/div>\n<\/div>\n<\/div>\n<\/div>\n<\/div>\n<\/div>\n<\/div>\n<\/div>\n<\/div>\n","protected":false},"excerpt":{"rendered":"<p>Seja bem-vindo \u00e0 Liga VPG! Estamos felizes em receb\u00ea-lo em nossa comunidade de automobilismo virtual. Desde 2006, organizamos campeonatos emocionantes, com competi\u00e7\u00f5es de alto n\u00edvel e uma comunidade apaixonada por velocidade. Para come\u00e7ar a participar, siga estas etapas: Escolha um n\u00famero na Tabela de Numera\u00e7\u00e3o VPG para representar voc\u00ea nos campeonatos. Confira os campeonatos ativos [&hellip;]<\/p>\n","protected":false},"author":7,"featured_media":15831,"parent":0,"menu_order":0,"comment_status":"open","ping_status":"open","template":"","meta":{"_monsterinsights_skip_tracking":false,"_monsterinsights_sitenote_active":false,"_monsterinsights_sitenote_note":"","_monsterinsights_sitenote_category":0,"footnotes":""},"class_list":["post-6350","page","type-page","status-publish","has-post-thumbnail","hentry"],"_links":{"self":[{"href":"https:\/\/ligavpg.com\/blog\/wp-json\/wp\/v2\/pages\/6350","targetHints":{"allow":["GET"]}}],"collection":[{"href":"https:\/\/ligavpg.com\/blog\/wp-json\/wp\/v2\/pages"}],"about":[{"href":"https:\/\/ligavpg.com\/blog\/wp-json\/wp\/v2\/types\/page"}],"author":[{"embeddable":true,"href":"https:\/\/ligavpg.com\/blog\/wp-json\/wp\/v2\/users\/7"}],"replies":[{"embeddable":true,"href":"https:\/\/ligavpg.com\/blog\/wp-json\/wp\/v2\/comments?post=6350"}],"version-history":[{"count":20,"href":"https:\/\/ligavpg.com\/blog\/wp-json\/wp\/v2\/pages\/6350\/revisions"}],"predecessor-version":[{"id":16245,"href":"https:\/\/ligavpg.com\/blog\/wp-json\/wp\/v2\/pages\/6350\/revisions\/16245"}],"wp:featuredmedia":[{"embeddable":true,"href":"https:\/\/ligavpg.com\/blog\/wp-json\/wp\/v2\/media\/15831"}],"wp:attachment":[{"href":"https:\/\/ligavpg.com\/blog\/wp-json\/wp\/v2\/media?parent=6350"}],"curies":[{"name":"wp","href":"https:\/\/api.w.org\/{rel}","templated":true}]}}