{"id":6117,"date":"2014-01-07T00:54:09","date_gmt":"2014-01-07T03:54:09","guid":{"rendered":"http:\/\/www.ligavpg.com\/blog\/?page_id=6117"},"modified":"2024-07-10T22:38:37","modified_gmt":"2024-07-11T01:38:37","slug":"teamspeaker","status":"publish","type":"page","link":"https:\/\/ligavpg.com\/blog\/servidores\/teamspeaker\/","title":{"rendered":"TeamSpeaker"},"content":{"rendered":"\t\t<div data-elementor-type=\"wp-page\" data-elementor-id=\"6117\" class=\"elementor elementor-6117\">\n\t\t\t\t\t\t<section class=\"elementor-section elementor-top-section elementor-element elementor-element-69638901 elementor-section-boxed elementor-section-height-default elementor-section-height-default\" data-id=\"69638901\" data-element_type=\"section\" data-e-type=\"section\">\n\t\t\t\t\t\t<div class=\"elementor-container elementor-column-gap-default\">\n\t\t\t\t\t<div class=\"elementor-column elementor-col-100 elementor-top-column elementor-element elementor-element-6441f1a2\" data-id=\"6441f1a2\" data-element_type=\"column\" data-e-type=\"column\">\n\t\t\t<div class=\"elementor-widget-wrap elementor-element-populated\">\n\t\t\t\t\t\t<div class=\"elementor-element elementor-element-119c29a1 elementor-widget elementor-widget-text-editor\" data-id=\"119c29a1\" data-element_type=\"widget\" data-e-type=\"widget\" data-widget_type=\"text-editor.default\">\n\t\t\t\t<div class=\"elementor-widget-container\">\n\t\t\t\t\t\t\t\t\t<h4>Acesse o servidor de voz TeamSpeaker da Liga VPG<\/h4><ul><li><h4><span style=\"color: #ff6600;\">Para acessar o servidor, nas configura\u00e7\u00f5es do TeamSpeak, digite em &#8220;Apelido ou Endere\u00e7o do Servidor&#8221;:<\/span><\/h4><h4><span style=\"color: #ff6600;\">Liga VPG<\/span><\/h4><\/li><\/ul><p>Converse com os pilotos virtuais.<br \/>&#8211; Veja quem est\u00e1 on-line neste momento:<\/p><table><tbody><tr><td>\u00a0<\/td><\/tr><\/tbody><\/table>\t\t\t\t\t\t\t\t<\/div>\n\t\t\t\t<\/div>\n\t\t\t\t\t<\/div>\n\t\t<\/div>\n\t\t\t\t\t<\/div>\n\t\t<\/section>\n\t\t\t\t<section class=\"elementor-section elementor-top-section elementor-element elementor-element-7e42597 elementor-section-boxed elementor-section-height-default elementor-section-height-default\" data-id=\"7e42597\" data-element_type=\"section\" data-e-type=\"section\">\n\t\t\t\t\t\t<div class=\"elementor-container elementor-column-gap-default\">\n\t\t\t\t\t<div class=\"elementor-column elementor-col-100 elementor-top-column elementor-element elementor-element-1fd7a75\" data-id=\"1fd7a75\" data-element_type=\"column\" data-e-type=\"column\">\n\t\t\t<div class=\"elementor-widget-wrap elementor-element-populated\">\n\t\t\t\t\t\t<div class=\"elementor-element elementor-element-4fc1cbc elementor-widget elementor-widget-wp-widget-teamspeek_widget\" data-id=\"4fc1cbc\" data-element_type=\"widget\" data-e-type=\"widget\" data-widget_type=\"wp-widget-teamspeek_widget.default\">\n\t\t\t\t<div class=\"elementor-widget-container\">\n\t\t\t\t\t<h5>TeamSpeak Liga VPG<\/h5><a href=\"ts3server:\/\/200.201.183.213\/?nickname=Liga%20VPG&addbookmark=Liga%20VPG%20TeamSpeak&channel=Liga%20VPG\"><img decoding=\"async\" src=\"https:\/\/www.ligavpg.com\/blog\/wp-content\/plugins\/team-speak-widget\/assets\/ts_Button_106x66_01.png\"><\/a>\t\t\t\t<\/div>\n\t\t\t\t<\/div>\n\t\t\t\t\t<\/div>\n\t\t<\/div>\n\t\t\t\t\t<\/div>\n\t\t<\/section>\n\t\t\t\t<section class=\"elementor-section elementor-top-section elementor-element elementor-element-2e6359e elementor-section-boxed elementor-section-height-default elementor-section-height-default\" data-id=\"2e6359e\" data-element_type=\"section\" data-e-type=\"section\">\n\t\t\t\t\t\t<div class=\"elementor-container elementor-column-gap-default\">\n\t\t\t\t\t<div class=\"elementor-column elementor-col-100 elementor-top-column elementor-element elementor-element-6bce351\" data-id=\"6bce351\" data-element_type=\"column\" data-e-type=\"column\">\n\t\t\t<div class=\"elementor-widget-wrap elementor-element-populated\">\n\t\t\t\t\t\t<div class=\"elementor-element elementor-element-5ab14fa elementor-widget elementor-widget-html\" data-id=\"5ab14fa\" data-element_type=\"widget\" data-e-type=\"widget\" data-widget_type=\"html.default\">\n\t\t\t\t<div class=\"elementor-widget-container\">\n\t\t\t\t\t<iframe src=\"https:\/\/discord.com\/widget?id=402920798806999042&theme=dark\" width=\"350\" height=\"500\" allowtransparency=\"true\" frameborder=\"0\" sandbox=\"allow-popups allow-popups-to-escape-sandbox allow-same-origin allow-scripts\"><\/iframe>\t\t\t\t<\/div>\n\t\t\t\t<\/div>\n\t\t\t\t\t<\/div>\n\t\t<\/div>\n\t\t\t\t\t<\/div>\n\t\t<\/section>\n\t\t\t\t<\/div>\n\t\t","protected":false},"excerpt":{"rendered":"<p>Acesse o servidor de voz TeamSpeaker da Liga VPG Para acessar o servidor, nas configura\u00e7\u00f5es do TeamSpeak, digite em &#8220;Apelido ou Endere\u00e7o do Servidor&#8221;: Liga VPG Converse com os pilotos virtuais.&#8211; Veja quem est\u00e1 on-line neste momento: \u00a0<\/p>\n","protected":false},"author":7,"featured_media":0,"parent":6110,"menu_order":0,"comment_status":"open","ping_status":"open","template":"","meta":{"_monsterinsights_skip_tracking":false,"_monsterinsights_sitenote_active":false,"_monsterinsights_sitenote_note":"","_monsterinsights_sitenote_category":0,"footnotes":""},"class_list":["post-6117","page","type-page","status-publish","hentry"],"_links":{"self":[{"href":"https:\/\/ligavpg.com\/blog\/wp-json\/wp\/v2\/pages\/6117","targetHints":{"allow":["GET"]}}],"collection":[{"href":"https:\/\/ligavpg.com\/blog\/wp-json\/wp\/v2\/pages"}],"about":[{"href":"https:\/\/ligavpg.com\/blog\/wp-json\/wp\/v2\/types\/page"}],"author":[{"embeddable":true,"href":"https:\/\/ligavpg.com\/blog\/wp-json\/wp\/v2\/users\/7"}],"replies":[{"embeddable":true,"href":"https:\/\/ligavpg.com\/blog\/wp-json\/wp\/v2\/comments?post=6117"}],"version-history":[{"count":44,"href":"https:\/\/ligavpg.com\/blog\/wp-json\/wp\/v2\/pages\/6117\/revisions"}],"predecessor-version":[{"id":16899,"href":"https:\/\/ligavpg.com\/blog\/wp-json\/wp\/v2\/pages\/6117\/revisions\/16899"}],"up":[{"embeddable":true,"href":"https:\/\/ligavpg.com\/blog\/wp-json\/wp\/v2\/pages\/6110"}],"wp:attachment":[{"href":"https:\/\/ligavpg.com\/blog\/wp-json\/wp\/v2\/media?parent=6117"}],"curies":[{"name":"wp","href":"https:\/\/api.w.org\/{rel}","templated":true}]}}